site?
True
Let l(x) = -x**2 + 5*x + 1. Let y be l(-6). Let h = 114 + y. Is h a composite number?
True
Suppose -32*a - 892 = -36*a. Is a a composite number?
False
Let y = 5 - 5. Let p be -2 + -33 - y/2. Let t = 54 + p. Is t composite?
False
Suppose -447 = -4*u + u. Is u composite?
False
Let m(d) = d**3 - 5*d**2 + 4*d. Let b be m(4). Let k = b + 2. Suppose -k*w + 2 = -4. Is w composite?
False
Is (-1)/(-6 + (-15802)/(-2634)) a composite number?
True
Let w = -1253 + 410. Is w/(-27) + 4/(-18) a composite number?
False
Let g = 99 - 67. Let h = g + -20. Is h/30 + 423/5 a composite number?
True
Let k(h) = -h**2 - 10*h - 6. Let j be -5*(2 - (-2 - -2)). Let c be k(j). Let i(o) = o**3 + 8*o**2 + 5*o - 5. Is i(c) a composite number?
False
Suppose -c = -6*c. Suppose 6*h - 2*h - 356 = c. Is h a prime number?
True
Is (811 - (1 + -1)) + -5 + 3 a composite number?
False
Let g(b) be the second derivative of -1/20*b**5 + 4*b**2 - 1/2*b**4 - 1/6*b**3 + b + 0. Is g(-6) a composite number?
True
Let k(l) = 3*l**2 - 9*l + 71. Is k(25) prime?
True
Let b be (-30)/(-1)*236/8. Let u = -592 + b. Is u a composite number?
False
Suppose 0*l - 3*m - 133 = -2*l, -2*l = 2*m - 108. Suppose -l = -5*j + 121. Suppose 5*y - 34 - j = 0. Is y a prime number?
False
Suppose -2*i + 17 + 23 = 4*z, -3*z + 70 = 4*i. Suppose 0 = -k + 2*k - 4*o + 17, -5*o + i = -3*k. Is ((-102)/(-9) + -1)*k a prime number?
True
Suppose 0*a - 6*a = -1902. Is a prime?
True
Let l(v) = -v + 6. Let k be l(6). Let m be 8 + -6 + 86 + k. Suppose 0 = n + 3*n - m. Is n prime?
False
Let r = 3 + 19. Is 4/r + (-69235)/(-55) a prime number?
True
Let s(x) = -183*x + 5. Is s(-2) a composite number?
True
Suppose -5*f - 260 - 975 = 0. Let x = f + 413. Is x prime?
False
Suppose -u = 4*b - 511, -4*u + 226 - 849 = -5*b. Is b composite?
False
Let d = -32 - -140. Let t = -49 + d. Is t prime?
True
Let u(h) = -3*h**3 - 2*h**2 + 3*h - 1. Let v(t) = t**2 - 1. Let d(c) = u(c) + 2*v(c). Is d(-3) composite?
True
Is (170/(-4))/((-3)/6) prime?
False
Let l be (-2)/((-1)/(90/4)). Let h = -2 + l. Is h a composite number?
False
Is (-7167)/(-33) + (-6)/33 prime?
False
Let k = -5 - -6. Is 126 + 1*1/k composite?
False
Suppose -23145 = -9*r + 66. Is r a composite number?
False
Let c = -7 + 11. Suppose -2*q + 224 = c*n + 82, -4*n + 4*q + 136 = 0. Suppose -d = -0 - n. Is d composite?
True
Let j be 1*10*15/6. Suppose 3*w + 4 = -11, 0 = 5*u - w - j. Suppose -u*f + 3*f + 79 = 0. Is f composite?
False
Suppose 120 + 176 = p. Is (-4)/12 - p/(-6) prime?
False
Let v(p) = p**2 + 2*p - 4. Let a be v(-4). Suppose -230 = -x - a*x. Is x composite?
True
Is ((-7892)/(-20))/((-1)/(-5)) prime?
True
Suppose 650 = 2*n - 144. Is n composite?
False
Let w = -1743 - -3005. Is w a composite number?
True
Let f = 0 + -6. Let q(x) = 7*x**2 - 7*x - 3. Let m be q(f). Suppose -2*z - 5*b = -150, -5*z + m = -4*b - 18. Is z composite?
True
Let f(o) = 9*o - 9. Let k(v) = 4*v - 4. Let x(u) = -3*f(u) + 7*k(u). Let j be x(3). Suppose -98 = -3*c + 5*i, 5*c - 26 - 127 = -j*i. Is c a composite number?
False
Let p be (-7)/(-2)*(25 - -1). Let z = p + -36. Is z a composite number?
True
Suppose c - 2*y + 0*y + 7 = 0, 2*y = 10. Suppose 0 = c*p + 2*p - 155. Suppose p = 4*d - 25. Is d composite?
True
Suppose 4*u - 4*w - 672 = 0, -2*w = -0*u + 3*u - 494. Is u composite?
True
Suppose -6*v + 2121 = -3*v. Is v a composite number?
True
Suppose 315 = -3*l + 3*v + 1311, -4*l + 1368 = 4*v. Is l prime?
True
Suppose 6*q - q = 10. Suppose 5*n - 615 = q*n. Is n a prime number?
False
Let n be ((-9)/15)/(3/(-855)). Let g = n + -26. Is g a composite number?
True
Suppose 0 = -t + 35 - 14. Is t composite?
True
Let f(n) = 2*n**3 - 15 + 8 - n**3 + 8*n. Let m be -10*((-3)/2 + 1). Is f(m) prime?
False
Suppose 0 = -0*a + 4*a - 1148. Is a prime?
False
Let z be 4/(-6)*(-63)/14. Suppose -q + z*g + 42 = 0, 5*q + 5*g - 137 = -7. Is (-5)/(q/9)*-2 prime?
True
Let s = 321 - -122. Is s a composite number?
False
Let z(x) = -x**3 - 6*x**2 + 10*x + 8. Is z(-9) a prime number?
False
Suppose 4*v - 24 = -2*r + 5*r, -2*r = 8. Suppose -c = -5*h + 21, -h + v = -2*h + 2*c. Suppose 0 = 3*z - h*z + 74. Is z prime?
True
Suppose 0 = 4*t + 3*l - 10 - 124, l = 2*t - 72. Is t prime?
False
Let h be (-10)/(-35) + (-74)/14. Let l = 10 + h. Suppose 0 = l*o - 444 - 151. Is o composite?
True
Let t(i) = 4*i**3 - 3*i + 2. Let u be t(1). Suppose -u*f = 3*n + f - 477, -4*n + 3*f = -661. Is n composite?
False
Let t(s) = s**3 - 4*s**2 + 2*s - 6. Let b be t(4). Suppose -b*h + 133 = -h. Is h composite?
True
Let b be ((-2)/6)/(5/(-15)). Let o be (20/(-3))/(b/(-9)). Suppose -3*n + 45 = -o. Is n prime?
False
Let j be (-4)/6*3*-52. Let q = j + -19. Is q a composite number?
True
Let w(y) = 158*y - 1. Let s be w(5). Suppose -3*k + 0*k = -s. Is k composite?
False
Let l(k) = -24*k + 1. Let x be l(-2). Is 4/7 + 9331/x a composite number?
False
Suppose 8*u - 14136 + 400 = 0. Is u prime?
False
Let f = -1 - -156. Is f a prime number?
False
Suppose -30 = -2*b + 2. Suppose 133 = l - b. Is l prime?
True
Let m be (3/(-9))/((-2)/18). Suppose 5*i - 17 = m. Is i/6 + 152/6 prime?
False
Let a(s) = 35*s**2 - s + 1. Let q be a(1). Let f be (10/q)/((-2)/(-14)). Suppose -5*y + f*y - 90 = -4*o, -3*y = 4*o - 78. Is o composite?
True
Let y = -1 - -3. Let v = y - 0. Suppose -166 = v*h - 4*h. Is h composite?
False
Let a(n) = 11*n**2 - 18*n - 16. Is a(9) composite?
True
Suppose 3*u + d = 41, -d - 7 - 4 = -u. Suppose n = 4*s + u, -9 = -3*n - 3*s - 0. Suppose -v + n*o = 3*o - 121, 3*o = -9. Is v a composite number?
True
Let x(a) = -2*a**2 + 2*a - 9. Let w be x(6). Let l = w + 104. Is l prime?
False
Suppose 0 = -3*r + 4*r - 3. Suppose 3*x = 12, -2*g - x + 1989 = r*g. Is g a prime number?
True
Is (158/6)/(3/9) composite?
False
Suppose 0 = -g + 16 + 236. Let a = g - 17. Is a a composite number?
True
Let r be 4/(-14) - (-32)/14. Let f = -26 - -73. Suppose -r*i = -3*i + f. Is i a prime number?
True
Suppose -p + 92 = -104. Suppose 74 = 5*n - p. Let a = -19 + n. Is a a composite number?
True
Let s = -6006 + 10841. Is s prime?
False
Suppose 0 = -3*u - 5*i + 202, 0 = 3*u + i + 2*i - 210. Is u a prime number?
False
Let j(h) = 59*h**2 + h + 15. Is j(-4) a prime number?
False
Let g = 312 - 218. Is g a prime number?
False
Let a(w) = 8*w**2 - 9*w - 12. Is a(-7) a prime number?
True
Is ((-476)/(-6))/(12/18) prime?
False
Suppose h - 2*a - 61 = -5*a, 3*a + 104 = 2*h. Is h composite?
True
Suppose 5*w - 221 - 62 = 2*a, -224 = -4*w + 4*a. Is w composite?
True
Suppose h = 133 + 910. Is h a composite number?
True
Suppose -720 = 7*p - 9211. Is p a prime number?
True
Let y = -71 + 214. Is y prime?
False
Let d = 48 + -27. Is d a composite number?
True
Suppose -4*i + 1228 = -4*v, 5*i - 189 = -v + 1346. Is i composite?
False
Suppose -2*m - 5 = -3*m - h, 9 = m + 5*h. Suppose 0 = -4*a + 4*f + 28, 4*a = f + m*f + 32. Suppose a = -r + 22. Is r prime?
True
Let m(k) = 168*k - 3. Let o be m(3). Suppose 0 = -g - 5*z + 108, -4*g + 6*z - 3*z = -o. Is g a prime number?
False
Is 2828/8 + 1 + 9/(-6) a prime number?
True
Let q = 10 - 7. Suppose -q = o + 1. Is 2/o*(-158 - 0) composite?
False
Let n = 59 + 576. Is n prime?
False
Is 17346/(-28)*(-4)/6 composite?
True
Let b(o) = o + 15*o - 2 - 4*o. Is b(2) a composite number?
True
Suppose -2*g - 3*g = 0. Is (43 - -3) + 1 + g a prime number?
True
Let f be ((-2)/(-3))/(2/9). Let v = -110 - -169. Suppose -f*l = -46 - v. Is l prime?
False
Is (2472/9)/4*552/16 composite?
True
Let s(l) = 8*l**2 - l - 8. Let w(y) = -y**3 - 16*y**2 + 2*y + 16. Let n(r) = 5*s(r) + 3*w(r). Is n(-6) prime?
False
Let l be (-73)/(-1) - (9/(-3) - -4). Let i be (26/(-4) + 1)*-2. Suppose 5*s - l = -t, -75 = -5*s + 3*t - i. Is s composite?
True
Is 2*2/(-6)*-309 + -3 a prime number?
False
Let q be 12/(-30)*(-1 - 4). Is (212/(-8))/((-1)/q) prime?
True
Suppose 784 = 5*a - 131. Is a a composite number?
True
Suppose 3*j - 5*j - 3*g - 8 = 0, 0 = -2*j - g - 4. Let h(s) = 189*s**2 + s - 1. Is h(j) prime?
False
Suppose -14 = 2*f - 2*h, 4*f - 3*h - 10 = -38. Is (-75)/f + (-2)/(-7) composite?
False
Suppose 3*t - t = 0. Let i be (-2)/(-4) - 1398/(-4). Suppose -5*f + 75 + i = t. Is f a prime number?
False
Suppose 490 + 1324 = 2*u. Is u a prime number?
True
Is (-227)/(-2)*(9 - 3) a composite number?
True
Let d(z) = 6*z + 7. Su